(base 7) to base 8
1254341
Convert -12020120011 (base 3) to base 15.
-2089d
506704 (base 11) to base 5
202022332
-3471182 (base 10) to base 4
-31033131032
Convert -223031243 (base 7) to base 6.
-1202052422
Convert 945485 (base 10) to base 11.
5963a2
4522013 (base 8) to base 14
23b2c3
Convert 122000212 (base 5) to base 16.
8d286
What is -1120221002210 (base 3) in base 6?
-30035550
-3101131313 (base 4) to base 3
-1121120220212
What is 20121021 (base 4) in base 10?
34377
Convert -4274658 (base 9) to base 3.
-11022111201222
What is -11010110111110 (base 2) in base 7?
-55053
19b80 (base 13) to base 6
1024505
What is -2dd252 (base 16) in base 10?
-3002962
-4466005 (base 7) to base 4
-2013110311
446167 (base 10) to base 7
3535531
Convert 4121919 (base 10) to base 2.
1111101110010100111111
-455993 (base 10) to base 7
-3606266
Convert -d205 (base 14) to base 10.
-36069
3443151 (base 7) to base 12
189439
Convert -13c809 (base 14) to base 16.
-a7dd9
-1051177 (base 11) to base 8
-7026036
5211462 (base 8) to base 15
1c4380
Convert -1244311 (base 7) to base 12.
-79b8a
114203200 (base 5) to base 9
1008804
4d9b3 (base 14) to base 8
565431
372143 (base 8) to base 3
20111201102
167a8 (base 14) to base 4
31301100
4798a (base 11) to base 14
1b256
110222010100010 (base 3) to base 7
112401534
Convert 15062312 (base 8) to base 13.
932b7a
Convert 20020200121 (base 3) to base 13.
43c87
10000313 (base 4) to base 11
11395
What is 830d (base 15) in base 7?
143503
What is -1c353b6 (base 13) in base 8?
-43617501
What is 202230002 (base 5) in base 12?
336a97
-361126 (base 7) to base 14
-19abd
Convert 1002120312 (base 4) to base 2.
1000010011000110110
What is -1242205 (base 6) in base 16?
-1093d
Convert 1011333201201 (base 4) to base 2.
1000101111111100001100001
What is 20b7ae (base 15) in base 11?
974293
What is -100010011111100 (base 2) in base 5?
-1031120
76218 (base 11) to base 8
330216
Convert -180832 (base 9) to base 6.
-2223302
-d9950 (base 14) to base 2
-10000000011001110010
Convert -1991b3 (base 13) to base 10.
-648430
What is 20c438b (base 13) in base 11?
5714526
46208 (base 12) to base 8
266650
What is 10cc55a (base 14) in base 7?
125131043
What is -135024 (base 12) in base 13?
-b269c
What is 45505 (base 12) in base 8?
264225
Convert -37a4ab (base 12) to base 5.
-213102020
Convert -36cc5c (base 13) to base 15.
-1ae3ae
Convert 1314333432 (base 5) to base 4.
30200020313
What is -274a651 (base 11) in base 8?
-22057737
Convert 100000101000000010 (base 2) to base 8.
405002
What is -11c8b (base 13) in base 6?
-412153
Convert -a67b7 (base 16) to base 15.
-d70ab
Convert 1123412424 (base 5) to base 7.
30522422
What is 232623 (base 12) in base 3?
1001122222000
What is -39582 (base 12) in base 15?
-18438
-4bb38 (base 12) to base 14
-29a68
Convert -100100120112 (base 3) to base 14.
-4b15d
What is 64b35 (base 13) in base 2?
101100011100101001
Convert -23310002131 (base 4) to base 2.
-1011110100000010011101
What is 1100111122 (base 3) in base 2?
110011111110100
Convert 706356 (base 11) to base 3.
2010200222110
Convert 8822350 (base 9) to base 2.
10010000100111011100100
-15612 (base 8) to base 3
-100200010
What is 20182 (base 12) in base 6?
521042
-13a92 (base 11) to base 7
-112102
43353 (base 6) to base 8
13525
Convert -2058c7c (base 13) to base 4.
-211130201002
7e81b8 (base 15) to base 4
113011132331
What is -1011101110001000111111 (base 2) in base 7?
-35054642
Convert 1337844 (base 11) to base 12.
934262
Convert -101212111112 (base 3) to base 13.
-76508
What is 11001001110000 (base 2) in base 5?
403122
Convert -11233222132 (base 4) to base 7.
-15541345
-101111101011010101001 (base 2) to base 12
-634121
What is 1827c (base 14) in base 11?
41807
Convert 1300311231 (base 5) to base 7.
35435333
2c83 (base 16) to base 15
359a
-21032330020 (base 4) to base 14
-470160
Convert 10111001011111110 (base 2) to base 3.
11211021120
1120135 (base 6) to base 2
1101111011111011
1101110011010101 (base 2) to base 8
156325
What is -101011101011100 (base 2) in base 13?
-a244
2852d (base 14) to base 9
161814
Convert -208e0 (base 16) to base 3.
-20202220200
What is 1870801 (base 9) in base 8?
4003451
Convert -19be0a (base 16) to base 5.
-412441200
-2441525 (base 7) to base 9
-525885
-509571 (base 12) to base 10
-1260517
-3387324 (base 10) to base 12
-1174310
Convert 1522215 (base 12) to base 16.
413cb1
What is -44522011 (base 8) in base 10?
-9610249
Convert -3011233220 (base 4) to base 12.
-330888
1222e (base 15) to base 5
3322434
Convert 10010011000000011111100 (base 2) to base 9.
10051786
-170b58 (base 13) to base 10
-573152
-24ba1 (base 14) to base 16
-15ff9
-2033104 (base 5) to base 3
-1200222211
Convert -1313330333 (base 4) to base 14.
-cb0ab
120201112102220 (base 3) to base 6
455033423
14383892 (base 10) to base 4
312313230110
What is 1256435 (base 8) in base 5?
42222032
Convert 411322003 (base 5) to base 8.
6270070
What is 500045143 (base 6) in base 3?
120210222200100
Convert -b02b5 (base 15) to base 12.
-22a75b
Convert -339b3 (base 13) to base 5.
-11001231
What is 1100010011010101001110 (base 2) in base 8?
14232516
-110100120212 (base 3) to base 13
-868c7
What is -30a1a (base 13) in base 12?
-426b0
Convert 15386957 (base 10) to base 3.
1001221201221022
-20846 (base 11) to base 2
-111011001011100
What is -4ecef (base 16) in base 15?
-6599e
Convert 12466612 (base 7) to base 9.
2131607
1206b (base 12) to base 8
57323
21212000 (base 5) to base 6
3500412
What is -646011 (base 7) in base 11?
-77594
What is -11ab084 (base 15) in base 8?
-60327773
426156 (base 7) to base 6
1331230
Convert -43440 (base 14) to base 8.
-475660
Convert -11020212 (base 6) to base 5.
-41014024
Convert c4b209 (base 13) to base 3.
22122102011022
What is -236594 (base 13) in base 12?
-347615
-9552 (base 14) to base 9
-38278
What is -400310234 (base 5) in base 4?
-11333323121
453307 (base 9) to base 12
1110ba
Convert -61515 (base 10) to base 2.
-1111000001001011
What is -11331200012 (base 4) in base 2?
-101111101100000000110
-1231055 (base 6) to base 4
-100030223
14415221 (base 8) to base 16
321a91
What is -994518 (base 13) in base 4?
-31300330110
-10010100100010010 (base 2) to base 14
-1da02
What is 110001100111110000 (base 2) in base 10?
203248
16aaa33 (base 11) to base 6
142044305
Convert 42b42 (base 16) to base 14.
717d8
What is 22013012 (base 4) in base 11?
2912a
Convert 1230020214 (base 5) to base 12.
bb294b
-100333203103 (base 4) to base 13
-bcc785
What is -45a94c (base 14) in base 6?
-122504252
What is 332278 (base 11) in base 2?
10000001011010010001
Convert -87a86 (base 15) to base 8.
-1511631
Convert -14102164 (base 8) to base 14.
-5caa8c
Convert -4882301 (base 10) to base 5.
-2222213201
Convert -2c8f8c (base 16) to base 3.
-12111100221110
What is -1137021 (base 8) in base 9?
-523304
What is -211001211 (base 3) in base 13?
-7426
What is -1532300 (base 8) in base 15?
-8a343
What is 148618 (base 16) in base 6?
44455024
Convert 60c15c (base 13) to base 3.
11020112102010
Convert 1fd16 (base 16) to base 2.
11111110100010110
What is 11523651 (base 7) in base 15?
1558e3
-11032322231 (base 4) to base 15
-1c16eb
Convert -24275 (base 12) to base 15.
-e6ab
53615355 (base 7) to base 15
605bdc
What is -21c87c (base 13) in base 9?
-1446870
4cb382 (base 14) to base 3
11222021202100
Convert -34421020 (base 5) to base 7.
-2433002
Convert -1010001100010 (base 2) to base 15.
-182d
Convert 85940 (base 10) to base 7.
505361
4424530 (base 6) to base 11
141367
What is -100011111000110101010000 (base 2) in base 13?
-1c4517a
What is -2db0a6 (base 14) in base 10?
-1605386
Convert 248228 (base 9) to base 10.
150362
-20461011 (base 7) to base 14
-3301b1
Convert -5a03b7 (base 15) to base 2.
-10000011010110001100100
What is 1b59a (base 14) in base 9?
115562
1095345 (base 10) to base 12
449a69
Convert -8b828 (base 12) to base 2.
-101101011011100000
What is 101122110110 (base 3) in base 11?
133499
Convert -5a8a5 (base 16) to base 6.
-11540525
Convert 869174 (base 10) to base 15.
1227ee
Convert 26a059 (base 13) to base 7.
10645565
-110100111100101000111 (base 2) to base 5
-421004413
What is -238371 (base 12) in base 2?
-10001100001100000101
6561d (base 14) to base 2
111011111010101011
What is 162bd6 (base 15) in base 2?
100000101110110100111
